{"version":"1.0","provider_name":"CLAM - ES","provider_url":"https:\/\/clam.org.br\/es","author_name":"fw2","author_url":"https:\/\/clam.org.br\/es\/author\/fw2\/","title":"Cerim\u00f4nia de entrega do Pr\u00eamio Ajuris Direitos Humanos - CLAM - ES","type":"rich","width":600,"height":338,"html":"<blockquote class=\"wp-embedded-content\" data-secret=\"O1bdkGxbk3\"><a href=\"https:\/\/clam.org.br\/es\/agenda\/cerimonia-de-entrega-do-premio-ajuris-direitos-humanos\/33243\/\">Cerim\u00f4nia de entrega do Pr\u00eamio Ajuris Direitos Humanos<\/a><\/blockquote><iframe sandbox=\"allow-scripts\" security=\"restricted\" src=\"https:\/\/clam.org.br\/es\/agenda\/cerimonia-de-entrega-do-premio-ajuris-direitos-humanos\/33243\/embed\/#?secret=O1bdkGxbk3\" width=\"600\" height=\"338\" title=\"\u00abCerim\u00f4nia de entrega do Pr\u00eamio Ajuris Direitos Humanos\u00bb \u2014 CLAM - ES\" data-secret=\"O1bdkGxbk3\" frameborder=\"0\" marginwidth=\"0\" marginheight=\"0\" scrolling=\"no\" class=\"wp-embedded-content\"><\/iframe><script>\n\/*! This file is auto-generated *\/\n!function(d,l){\"use strict\";l.querySelector&&d.addEventListener&&\"undefined\"!=typeof URL&&(d.wp=d.wp||{},d.wp.receiveEmbedMessage||(d.wp.receiveEmbedMessage=function(e){var t=e.data;if((t||t.secret||t.message||t.value)&&!\/[^a-zA-Z0-9]\/.test(t.secret)){for(var s,r,n,a=l.querySelectorAll('iframe[data-secret=\"'+t.secret+'\"]'),o=l.querySelectorAll('blockquote[data-secret=\"'+t.secret+'\"]'),c=new RegExp(\"^https?:$\",\"i\"),i=0;i<o.length;i++)o[i].style.display=\"none\";for(i=0;i<a.length;i++)s=a[i],e.source===s.contentWindow&&(s.removeAttribute(\"style\"),\"height\"===t.message?(1e3<(r=parseInt(t.value,10))?r=1e3:~~r<200&&(r=200),s.height=r):\"link\"===t.message&&(r=new URL(s.getAttribute(\"src\")),n=new URL(t.value),c.test(n.protocol))&&n.host===r.host&&l.activeElement===s&&(d.top.location.href=t.value))}},d.addEventListener(\"message\",d.wp.receiveEmbedMessage,!1),l.addEventListener(\"DOMContentLoaded\",function(){for(var e,t,s=l.querySelectorAll(\"iframe.wp-embedded-content\"),r=0;r<s.length;r++)(t=(e=s[r]).getAttribute(\"data-secret\"))||(t=Math.random().toString(36).substring(2,12),e.src+=\"#?secret=\"+t,e.setAttribute(\"data-secret\",t)),e.contentWindow.postMessage({message:\"ready\",secret:t},\"*\")},!1)))}(window,document);\n<\/script>\n","description":"A cerim\u00f4nia de entrega do Pr\u00eamio Ajuris Direitos Humanos acontecer\u00e1 no dia 10 de novembro, \u00e0s 19h, no audit\u00f3rio da Escola Superior da Magistratura, que fica na Rua Celeste Gobato, 229, Porto Alegre, RS."}

Cerimônia de entrega do Prêmio Ajuris Direitos Humanos - CLAM - ES

<blockquote class="wp-embedded-content" data-secret="O1bdkGxbk3"><a href="https://clam.org.br/es/agenda/cerimonia-de-entrega-do-premio-ajuris-direitos-humanos/33243/">Cerimônia de entrega do Prêmio Ajuris Direitos Humanos</a></blockquote><iframe sandbox="allow-scripts" security="restricted" src="https://clam.org.br/es/agenda/cerimonia-de-entrega-do-premio-ajuris-direitos-humanos/33243/embed/#?secret=O1bdkGxbk3" width="600" height="338" title="«Cerimônia de entrega do Prêmio Ajuris Direitos Humanos» — CLAM - ES" data-secret="O1bdkGxbk3" frameborder="0" marginwidth="0" marginheight="0" scrolling="no" class="wp-embedded-content"></iframe><script>
/*! This file is auto-generated */
!function(d,l){"use strict";l.querySelector&&d.addEventListener&&"undefined"!=typeof URL&&(d.wp=d.wp||{},d.wp.receiveEmbedMessage||(d.wp.receiveEmbedMessage=function(e){var t=e.data;if((t||t.secret||t.message||t.value)&&!/[^a-zA-Z0-9]/.test(t.secret)){for(var s,r,n,a=l.querySelectorAll('iframe[data-secret="'+t.secret+'"]'),o=l.querySelectorAll('blockquote[data-secret="'+t.secret+'"]'),c=new RegExp("^https?:$","i"),i=0;i<o.length;i++)o[i].style.display="none";for(i=0;i<a.length;i++)s=a[i],e.source===s.contentWindow&&(s.removeAttribute("style"),"height"===t.message?(1e3<(r=parseInt(t.value,10))?r=1e3:~~r<200&&(r=200),s.height=r):"link"===t.message&&(r=new URL(s.getAttribute("src")),n=new URL(t.value),c.test(n.protocol))&&n.host===r.host&&l.activeElement===s&&(d.top.location.href=t.value))}},d.addEventListener("message",d.wp.receiveEmbedMessage,!1),l.addEventListener("DOMContentLoaded",function(){for(var e,t,s=l.querySelectorAll("iframe.wp-embedded-content"),r=0;r<s.length;r++)(t=(e=s[r]).getAttribute("data-secret"))||(t=Math.random().toString(36).substring(2,12),e.src+="#?secret="+t,e.setAttribute("data-secret",t)),e.contentWindow.postMessage({message:"ready",secret:t},"*")},!1)))}(window,document);
</script>

A cerimônia de entrega do Prêmio Ajuris Direitos Humanos acontecerá no dia 10 de novembro, às 19h, no auditório da Escola Superior da Magistratura, que fica na Rua Celeste Gobato, 229, Porto Alegre, RS.
