{"version":"1.0","provider_name":"CLAM - ES","provider_url":"https:\/\/clam.org.br\/es","author_name":"fw2","author_url":"https:\/\/clam.org.br\/es\/author\/fw2\/","title":"Cruzadas contra el aborto - CLAM - ES","type":"rich","width":600,"height":338,"html":"<blockquote class=\"wp-embedded-content\" data-secret=\"vvyBt3spvR\"><a href=\"https:\/\/clam.org.br\/es\/en-los-medios\/cruzadas-contra-el-aborto\/31174\/\">Cruzadas contra el aborto<\/a><\/blockquote><iframe sandbox=\"allow-scripts\" security=\"restricted\" src=\"https:\/\/clam.org.br\/es\/en-los-medios\/cruzadas-contra-el-aborto\/31174\/embed\/#?secret=vvyBt3spvR\" width=\"600\" height=\"338\" title=\"\u00abCruzadas contra el aborto\u00bb \u2014 CLAM - ES\" data-secret=\"vvyBt3spvR\" frameborder=\"0\" marginwidth=\"0\" marginheight=\"0\" scrolling=\"no\" class=\"wp-embedded-content\"><\/iframe><script>\n\/*! This file is auto-generated *\/\n!function(d,l){\"use strict\";l.querySelector&&d.addEventListener&&\"undefined\"!=typeof URL&&(d.wp=d.wp||{},d.wp.receiveEmbedMessage||(d.wp.receiveEmbedMessage=function(e){var t=e.data;if((t||t.secret||t.message||t.value)&&!\/[^a-zA-Z0-9]\/.test(t.secret)){for(var s,r,n,a=l.querySelectorAll('iframe[data-secret=\"'+t.secret+'\"]'),o=l.querySelectorAll('blockquote[data-secret=\"'+t.secret+'\"]'),c=new RegExp(\"^https?:$\",\"i\"),i=0;i<o.length;i++)o[i].style.display=\"none\";for(i=0;i<a.length;i++)s=a[i],e.source===s.contentWindow&&(s.removeAttribute(\"style\"),\"height\"===t.message?(1e3<(r=parseInt(t.value,10))?r=1e3:~~r<200&&(r=200),s.height=r):\"link\"===t.message&&(r=new URL(s.getAttribute(\"src\")),n=new URL(t.value),c.test(n.protocol))&&n.host===r.host&&l.activeElement===s&&(d.top.location.href=t.value))}},d.addEventListener(\"message\",d.wp.receiveEmbedMessage,!1),l.addEventListener(\"DOMContentLoaded\",function(){for(var e,t,s=l.querySelectorAll(\"iframe.wp-embedded-content\"),r=0;r<s.length;r++)(t=(e=s[r]).getAttribute(\"data-secret\"))||(t=Math.random().toString(36).substring(2,12),e.src+=\"#?secret=\"+t,e.setAttribute(\"data-secret\",t)),e.contentWindow.postMessage({message:\"ready\",secret:t},\"*\")},!1)))}(window,document);\n<\/script>\n","description":"En Colombia, el tema del aborto no deja de suscitar intensas controversias, incluso hoy, m\u00e1s de tres a\u00f1os despu\u00e9s de emitida la sentencia que lo despenaliz\u00f3 en tres casos especiales, con base en una argumentaci\u00f3n centrada en la defensa del derecho a la vida de las mujeres, la igualdad y la libertad reproductiva."}

En Colombia, el tema del aborto no deja de suscitar intensas controversias, incluso hoy, más de tres años después de emitida la sentencia que lo despenalizó en tres casos especiales, con base en una argumentación centrada en la defensa del derecho a la vida de las mujeres, la igualdad y la libertad reproductiva.
