{"version":"1.0","provider_name":"CLAM - ES","provider_url":"https:\/\/clam.org.br\/es","author_name":"fw2","author_url":"https:\/\/clam.org.br\/es\/author\/fw2\/","title":"El derecho a un nombre - CLAM - ES","type":"rich","width":600,"height":338,"html":"<blockquote class=\"wp-embedded-content\" data-secret=\"cSJdutrC10\"><a href=\"https:\/\/clam.org.br\/es\/en-los-medios\/el-derecho-a-un-nombre\/3705\/\">El derecho a un nombre<\/a><\/blockquote><iframe sandbox=\"allow-scripts\" security=\"restricted\" src=\"https:\/\/clam.org.br\/es\/en-los-medios\/el-derecho-a-un-nombre\/3705\/embed\/#?secret=cSJdutrC10\" width=\"600\" height=\"338\" title=\"\u00abEl derecho a un nombre\u00bb \u2014 CLAM - ES\" data-secret=\"cSJdutrC10\" frameborder=\"0\" marginwidth=\"0\" marginheight=\"0\" scrolling=\"no\" class=\"wp-embedded-content\"><\/iframe><script>\n\/*! This file is auto-generated *\/\n!function(d,l){\"use strict\";l.querySelector&&d.addEventListener&&\"undefined\"!=typeof URL&&(d.wp=d.wp||{},d.wp.receiveEmbedMessage||(d.wp.receiveEmbedMessage=function(e){var t=e.data;if((t||t.secret||t.message||t.value)&&!\/[^a-zA-Z0-9]\/.test(t.secret)){for(var s,r,n,a=l.querySelectorAll('iframe[data-secret=\"'+t.secret+'\"]'),o=l.querySelectorAll('blockquote[data-secret=\"'+t.secret+'\"]'),c=new RegExp(\"^https?:$\",\"i\"),i=0;i<o.length;i++)o[i].style.display=\"none\";for(i=0;i<a.length;i++)s=a[i],e.source===s.contentWindow&&(s.removeAttribute(\"style\"),\"height\"===t.message?(1e3<(r=parseInt(t.value,10))?r=1e3:~~r<200&&(r=200),s.height=r):\"link\"===t.message&&(r=new URL(s.getAttribute(\"src\")),n=new URL(t.value),c.test(n.protocol))&&n.host===r.host&&l.activeElement===s&&(d.top.location.href=t.value))}},d.addEventListener(\"message\",d.wp.receiveEmbedMessage,!1),l.addEventListener(\"DOMContentLoaded\",function(){for(var e,t,s=l.querySelectorAll(\"iframe.wp-embedded-content\"),r=0;r<s.length;r++)(t=(e=s[r]).getAttribute(\"data-secret\"))||(t=Math.random().toString(36).substring(2,12),e.src+=\"#?secret=\"+t,e.setAttribute(\"data-secret\",t)),e.contentWindow.postMessage({message:\"ready\",secret:t},\"*\")},!1)))}(window,document);\n<\/script>\n","description":"En su portada del s\u00e1bado pasado, P\u00e1gina\/12 informa acerca del proyecto presentado por el ministro An\u00edbal Fern\u00e1ndez para reformar la Ley del Nombre. Se explica que esta reforma terminar\u00eda con el uso del posesivo en la conformaci\u00f3n del apellido de las mujeres casadas, sumar\u00eda el apellido materno a los hijos y permitir\u00eda elegir nombres extranjeros, entre otros cambios."}

En su portada del sábado pasado, Página/12 informa acerca del proyecto presentado por el ministro Aníbal Fernández para reformar la Ley del Nombre. Se explica que esta reforma terminaría con el uso del posesivo en la conformación del apellido de las mujeres casadas, sumaría el apellido materno a los hijos y permitiría elegir nombres extranjeros, entre otros cambios.
