{"version":"1.0","provider_name":"CLAM - ES","provider_url":"https:\/\/clam.org.br\/es","author_name":"fw2","author_url":"https:\/\/clam.org.br\/es\/author\/fw2\/","title":"Homofobia, la complicidad de las instituciones - CLAM - ES","type":"rich","width":600,"height":338,"html":"<blockquote class=\"wp-embedded-content\" data-secret=\"xq4pR8laVX\"><a href=\"https:\/\/clam.org.br\/es\/en-los-medios\/homofobia-la-complicidad-de-las-instituciones\/3077\/\">Homofobia, la complicidad de las instituciones<\/a><\/blockquote><iframe sandbox=\"allow-scripts\" security=\"restricted\" src=\"https:\/\/clam.org.br\/es\/en-los-medios\/homofobia-la-complicidad-de-las-instituciones\/3077\/embed\/#?secret=xq4pR8laVX\" width=\"600\" height=\"338\" title=\"\u00abHomofobia, la complicidad de las instituciones\u00bb \u2014 CLAM - ES\" data-secret=\"xq4pR8laVX\" frameborder=\"0\" marginwidth=\"0\" marginheight=\"0\" scrolling=\"no\" class=\"wp-embedded-content\"><\/iframe><script>\n\/*! This file is auto-generated *\/\n!function(d,l){\"use strict\";l.querySelector&&d.addEventListener&&\"undefined\"!=typeof URL&&(d.wp=d.wp||{},d.wp.receiveEmbedMessage||(d.wp.receiveEmbedMessage=function(e){var t=e.data;if((t||t.secret||t.message||t.value)&&!\/[^a-zA-Z0-9]\/.test(t.secret)){for(var s,r,n,a=l.querySelectorAll('iframe[data-secret=\"'+t.secret+'\"]'),o=l.querySelectorAll('blockquote[data-secret=\"'+t.secret+'\"]'),c=new RegExp(\"^https?:$\",\"i\"),i=0;i<o.length;i++)o[i].style.display=\"none\";for(i=0;i<a.length;i++)s=a[i],e.source===s.contentWindow&&(s.removeAttribute(\"style\"),\"height\"===t.message?(1e3<(r=parseInt(t.value,10))?r=1e3:~~r<200&&(r=200),s.height=r):\"link\"===t.message&&(r=new URL(s.getAttribute(\"src\")),n=new URL(t.value),c.test(n.protocol))&&n.host===r.host&&l.activeElement===s&&(d.top.location.href=t.value))}},d.addEventListener(\"message\",d.wp.receiveEmbedMessage,!1),l.addEventListener(\"DOMContentLoaded\",function(){for(var e,t,s=l.querySelectorAll(\"iframe.wp-embedded-content\"),r=0;r<s.length;r++)(t=(e=s[r]).getAttribute(\"data-secret\"))||(t=Math.random().toString(36).substring(2,12),e.src+=\"#?secret=\"+t,e.setAttribute(\"data-secret\",t)),e.contentWindow.postMessage({message:\"ready\",secret:t},\"*\")},!1)))}(window,document);\n<\/script>\n","description":"&ldquo;\u00bfHomofobia? No, no, no. Nada de eso.&rdquo; Las declaraciones hechas a NotieSe por el director de Comunicaci\u00f3n Social de la Procuradur\u00eda de Justicia de Tamaulipas, Rub\u00e9n Dar\u00edo R\u00edos L\u00f3pez, en torno al asesinato del activista gay Jos\u00e9 Ernesto Leal Rodr\u00edguez en Matamoros son una loa a la discriminaci\u00f3n institucional que se vive en M\u00e9xico."}

&ldquo;¿Homofobia? No, no, no. Nada de eso.&rdquo; Las declaraciones hechas a NotieSe por el director de Comunicación Social de la Procuraduría de Justicia de Tamaulipas, Rubén Darío Ríos López, en torno al asesinato del activista gay José Ernesto Leal Rodríguez en Matamoros son una loa a la discriminación institucional que se vive en México.
