{"version":"1.0","provider_name":"CLAM - ES","provider_url":"https:\/\/clam.org.br\/es","author_name":"fw2","author_url":"https:\/\/clam.org.br\/es\/author\/fw2\/","title":"La pelea del aborto contin\u00faa - CLAM - ES","type":"rich","width":600,"height":338,"html":"<blockquote class=\"wp-embedded-content\" data-secret=\"dkGOA3bFhi\"><a href=\"https:\/\/clam.org.br\/es\/en-los-medios\/la-pelea-del-aborto-continua\/30720\/\">La pelea del aborto contin\u00faa<\/a><\/blockquote><iframe sandbox=\"allow-scripts\" security=\"restricted\" src=\"https:\/\/clam.org.br\/es\/en-los-medios\/la-pelea-del-aborto-continua\/30720\/embed\/#?secret=dkGOA3bFhi\" width=\"600\" height=\"338\" title=\"\u00abLa pelea del aborto contin\u00faa\u00bb \u2014 CLAM - ES\" data-secret=\"dkGOA3bFhi\" frameborder=\"0\" marginwidth=\"0\" marginheight=\"0\" scrolling=\"no\" class=\"wp-embedded-content\"><\/iframe><script>\n\/*! This file is auto-generated *\/\n!function(d,l){\"use strict\";l.querySelector&&d.addEventListener&&\"undefined\"!=typeof URL&&(d.wp=d.wp||{},d.wp.receiveEmbedMessage||(d.wp.receiveEmbedMessage=function(e){var t=e.data;if((t||t.secret||t.message||t.value)&&!\/[^a-zA-Z0-9]\/.test(t.secret)){for(var s,r,n,a=l.querySelectorAll('iframe[data-secret=\"'+t.secret+'\"]'),o=l.querySelectorAll('blockquote[data-secret=\"'+t.secret+'\"]'),c=new RegExp(\"^https?:$\",\"i\"),i=0;i<o.length;i++)o[i].style.display=\"none\";for(i=0;i<a.length;i++)s=a[i],e.source===s.contentWindow&&(s.removeAttribute(\"style\"),\"height\"===t.message?(1e3<(r=parseInt(t.value,10))?r=1e3:~~r<200&&(r=200),s.height=r):\"link\"===t.message&&(r=new URL(s.getAttribute(\"src\")),n=new URL(t.value),c.test(n.protocol))&&n.host===r.host&&l.activeElement===s&&(d.top.location.href=t.value))}},d.addEventListener(\"message\",d.wp.receiveEmbedMessage,!1),l.addEventListener(\"DOMContentLoaded\",function(){for(var e,t,s=l.querySelectorAll(\"iframe.wp-embedded-content\"),r=0;r<s.length;r++)(t=(e=s[r]).getAttribute(\"data-secret\"))||(t=Math.random().toString(36).substring(2,12),e.src+=\"#?secret=\"+t,e.setAttribute(\"data-secret\",t)),e.contentWindow.postMessage({message:\"ready\",secret:t},\"*\")},!1)))}(window,document);\n<\/script>\n","description":"El procurador Alejandro Ord\u00f3\u00f1ez parece resuelto a defender, desde el Ministerio P\u00fablico, sus innegociables posiciones en contra del aborto y de que parejas del mismo sexo puedan conformar una familia y adoptar. Esto \u00faltimo lo formaliz\u00f3 en un pol\u00e9mico concepto ante la Corte Constitucional la semana pasada, en el que argument\u00f3 que los derechos de los menores estaban por encima de las pretensiones de las parejas homosexuales. Sin embargo, el primer golpe de gracia de Ord\u00f3\u00f1ez a la sentencia que despenaliz\u00f3 parcialmente el aborto, al decir de sus contradictores, lo propin\u00f3 el pasado 20 de abril, en una extensa carta que le envi\u00f3 Ilva Myriam Hoyos, procuradora para la defensa de los Derechos de la Infancia, la Adolescencia y la Familia, a la abogada M\u00f3nica Roa, representante en Colombia de la ONG Woman&rsquo;s Link Worldwide y conocida por ser la demandante de la ley que penalizaba la interrupci\u00f3n voluntaria del embarazo."}

La pelea del aborto continúa - CLAM - ES

<blockquote class="wp-embedded-content" data-secret="dkGOA3bFhi"><a href="https://clam.org.br/es/en-los-medios/la-pelea-del-aborto-continua/30720/">La pelea del aborto continúa</a></blockquote><iframe sandbox="allow-scripts" security="restricted" src="https://clam.org.br/es/en-los-medios/la-pelea-del-aborto-continua/30720/embed/#?secret=dkGOA3bFhi" width="600" height="338" title="«La pelea del aborto continúa» — CLAM - ES" data-secret="dkGOA3bFhi" frameborder="0" marginwidth="0" marginheight="0" scrolling="no" class="wp-embedded-content"></iframe><script>
/*! This file is auto-generated */
!function(d,l){"use strict";l.querySelector&&d.addEventListener&&"undefined"!=typeof URL&&(d.wp=d.wp||{},d.wp.receiveEmbedMessage||(d.wp.receiveEmbedMessage=function(e){var t=e.data;if((t||t.secret||t.message||t.value)&&!/[^a-zA-Z0-9]/.test(t.secret)){for(var s,r,n,a=l.querySelectorAll('iframe[data-secret="'+t.secret+'"]'),o=l.querySelectorAll('blockquote[data-secret="'+t.secret+'"]'),c=new RegExp("^https?:$","i"),i=0;i<o.length;i++)o[i].style.display="none";for(i=0;i<a.length;i++)s=a[i],e.source===s.contentWindow&&(s.removeAttribute("style"),"height"===t.message?(1e3<(r=parseInt(t.value,10))?r=1e3:~~r<200&&(r=200),s.height=r):"link"===t.message&&(r=new URL(s.getAttribute("src")),n=new URL(t.value),c.test(n.protocol))&&n.host===r.host&&l.activeElement===s&&(d.top.location.href=t.value))}},d.addEventListener("message",d.wp.receiveEmbedMessage,!1),l.addEventListener("DOMContentLoaded",function(){for(var e,t,s=l.querySelectorAll("iframe.wp-embedded-content"),r=0;r<s.length;r++)(t=(e=s[r]).getAttribute("data-secret"))||(t=Math.random().toString(36).substring(2,12),e.src+="#?secret="+t,e.setAttribute("data-secret",t)),e.contentWindow.postMessage({message:"ready",secret:t},"*")},!1)))}(window,document);
</script>

El procurador Alejandro Ordóñez parece resuelto a defender, desde el Ministerio Público, sus innegociables posiciones en contra del aborto y de que parejas del mismo sexo puedan conformar una familia y adoptar. Esto último lo formalizó en un polémico concepto ante la Corte Constitucional la semana pasada, en el que argumentó que los derechos de los menores estaban por encima de las pretensiones de las parejas homosexuales. Sin embargo, el primer golpe de gracia de Ordóñez a la sentencia que despenalizó parcialmente el aborto, al decir de sus contradictores, lo propinó el pasado 20 de abril, en una extensa carta que le envió Ilva Myriam Hoyos, procuradora para la defensa de los Derechos de la Infancia, la Adolescencia y la Familia, a la abogada Mónica Roa, representante en Colombia de la ONG Woman&rsquo;s Link Worldwide y conocida por ser la demandante de la ley que penalizaba la interrupción voluntaria del embarazo.
