{"version":"1.0","provider_name":"CLAM - ES","provider_url":"https:\/\/clam.org.br\/es","author_name":"fw2","author_url":"https:\/\/clam.org.br\/es\/author\/fw2\/","title":"Un debate a punto de naufragar - CLAM - ES","type":"rich","width":600,"height":338,"html":"<blockquote class=\"wp-embedded-content\" data-secret=\"JUxd2oAMjH\"><a href=\"https:\/\/clam.org.br\/es\/en-los-medios\/un-debate-a-punto-de-naufragar\/32351\/\">Un debate a punto de naufragar<\/a><\/blockquote><iframe sandbox=\"allow-scripts\" security=\"restricted\" src=\"https:\/\/clam.org.br\/es\/en-los-medios\/un-debate-a-punto-de-naufragar\/32351\/embed\/#?secret=JUxd2oAMjH\" width=\"600\" height=\"338\" title=\"\u00abUn debate a punto de naufragar\u00bb \u2014 CLAM - ES\" data-secret=\"JUxd2oAMjH\" frameborder=\"0\" marginwidth=\"0\" marginheight=\"0\" scrolling=\"no\" class=\"wp-embedded-content\"><\/iframe><script>\n\/*! This file is auto-generated *\/\n!function(d,l){\"use strict\";l.querySelector&&d.addEventListener&&\"undefined\"!=typeof URL&&(d.wp=d.wp||{},d.wp.receiveEmbedMessage||(d.wp.receiveEmbedMessage=function(e){var t=e.data;if((t||t.secret||t.message||t.value)&&!\/[^a-zA-Z0-9]\/.test(t.secret)){for(var s,r,n,a=l.querySelectorAll('iframe[data-secret=\"'+t.secret+'\"]'),o=l.querySelectorAll('blockquote[data-secret=\"'+t.secret+'\"]'),c=new RegExp(\"^https?:$\",\"i\"),i=0;i<o.length;i++)o[i].style.display=\"none\";for(i=0;i<a.length;i++)s=a[i],e.source===s.contentWindow&&(s.removeAttribute(\"style\"),\"height\"===t.message?(1e3<(r=parseInt(t.value,10))?r=1e3:~~r<200&&(r=200),s.height=r):\"link\"===t.message&&(r=new URL(s.getAttribute(\"src\")),n=new URL(t.value),c.test(n.protocol))&&n.host===r.host&&l.activeElement===s&&(d.top.location.href=t.value))}},d.addEventListener(\"message\",d.wp.receiveEmbedMessage,!1),l.addEventListener(\"DOMContentLoaded\",function(){for(var e,t,s=l.querySelectorAll(\"iframe.wp-embedded-content\"),r=0;r<s.length;r++)(t=(e=s[r]).getAttribute(\"data-secret\"))||(t=Math.random().toString(36).substring(2,12),e.src+=\"#?secret=\"+t,e.setAttribute(\"data-secret\",t)),e.contentWindow.postMessage({message:\"ready\",secret:t},\"*\")},!1)))}(window,document);\n<\/script>\n","description":"El presidente de la Comisi\u00f3n de Legislaci\u00f3n Penal de la C\u00e1mara de Diputados, Juan Carlos Vega (Coalici\u00f3n C\u00edvica), todav\u00eda no sabe si se concretar\u00e1 la reuni\u00f3n plenaria con las comisiones de Salud y Familia que propone realizar el jueves para continuar con el debate de la despenalizaci\u00f3n y legalizaci\u00f3n del aborto. &ldquo;He invitado a las otras dos comisiones, pero a\u00fan no he tenido respuesta de sus presidentes&rdquo;. Por el momento, las posibilidades de que se concrete el plenario son escasas."}

El presidente de la Comisión de Legislación Penal de la Cámara de Diputados, Juan Carlos Vega (Coalición Cívica), todavía no sabe si se concretará la reunión plenaria con las comisiones de Salud y Familia que propone realizar el jueves para continuar con el debate de la despenalización y legalización del aborto. &ldquo;He invitado a las otras dos comisiones, pero aún no he tenido respuesta de sus presidentes&rdquo;. Por el momento, las posibilidades de que se concrete el plenario son escasas.
